 o(7).
-1
Let h(w) = 687*w + 2344. Give h(-5).
-1091
Let m(k) = -133356*k + 3067201. Give m(23).
13
Let d(k) = 3*k**3 + 456*k**2 + 103*k + 15646. Give d(-152).
-10
Let c(m) = 137*m + 17172. Give c(-126).
-90
Let g(q) = -2*q**3 + 190*q**2 + 18173*q - 131. Give g(154).
23
Let m(r) = -r**2 + 95*r - 1840. Calculate m(31).
144
Let b(z) = -645595*z - 3873559. What is b(-6)?
11
Let i(x) = x**3 - 3241*x**2 - 604988*x - 333. What is i(-177)?
21
Let l(q) = -3*q**3 + 28*q**2 + 217*q - 2105. What is l(9)?
-71
Let j(u) = 4674*u + 565552. Calculate j(-121).
-2
Let h(g) = -g**3 - 31*g**2 - 593*g - 12131. Give h(-22).
-3441
Let k(u) = -96*u - 5017. Determine k(-55).
263
Let t(n) = -3*n**3 - 304*n**2 + 863*n + 67223. Give t(-102).
5
Let x(n) = -6*n**3 + 298*n**2 + 368*n - 13393. Give x(50).
7
Let w(k) = k**3 - 740*k**2 + 3311*k - 270111. Calculate w(736).
1
Let f(q) = -q**3 - 2*q**2 - 1370*q + 8495. Give f(6).
-13
Let t(l) = -l**3 + 284*l**2 + 1392*l - 152403. What is t(287)?
-6
Let s(r) = 12319*r + 98504. Determine s(-8).
-48
Let s(a) = -70*a**2 - 2311*a - 2236. What is s(-32)?
36
Let g(l) = -376*l - 13991. What is g(-37)?
-79
Let q(r) = -7959*r**2 + 63530*r + 1125. What is q(8)?
-11
Let d(o) = o**2 + 2365*o - 45247. Determine d(19).
49
Let a(y) = 330395*y - 6. Give a(0).
-6
Let w(q) = 1966*q + 572085. Determine w(-291).
-21
Let n(u) = 1766*u - 7258. What is n(4)?
-194
Let c(o) = -12*o**2 + 68*o - 39. Calculate c(-9).
-1623
Let s(z) = -54*z**2 + 1771*z - 1377. What is s(32)?
-1
Let d(q) = -q**3 - 29*q**2 - 67745*q - 1827635. Determine d(-27).
22
Let n(d) = -d**3 + 12*d**2 - 542*d + 3087. Calculate n(6).
51
Let w(y) = -y**2 + 76*y - 1307. Determine w(49).
16
Let m(h) = 439*h + 13. Determine m(-2).
-865
Let c(b) = -5*b**2 - 559*b + 78349. Calculate c(-192).
1357
Let b(z) = 23*z**2 - 87*z - 138. What is b(-2)?
128
Let x(z) = -6*z**2 - 2741*z - 104169. Determine x(-415).
-4
Let f(v) = -27793*v - 6114438. What is f(-220)?
22
Let y(l) = 325*l + 72496. Give y(-224).
-304
Let w(f) = 305*f - 14218. Calculate w(46).
-188
Let b(w) = -9026*w + 20859099. What is b(2311)?
13
Let r(o) = -o**2 + 63875*o - 319354. Determine r(5).
-4
Let u(s) = 19*s**2 + 4117*s - 28842. Give u(7).
908
Let n(r) = -r**3 - 19*r**2 - 199*r - 1174. Determine n(-10).
-84
Let u(b) = 2*b**2 + 104*b - 2598. Calculate u(18).
-78
Let x(l) = -52022*l + 208080. Calculate x(4).
-8
Let j(q) = -695*q**2 + 11809*q + 107. Calculate j(17).
5
Let t(a) = 5*a**3 + 244*a**2 + 395*a + 9772. Calculate t(-48).
28
Let y(s) = -4*s**3 + 4*s**2 - 203*s - 1072. Determine y(-5).
543
Let j(h) = h**2 + 1957*h + 409121. Determine j(-238).
-1
Let w(j) = 8665*j + 43635. Give w(-5).
310
Let g(y) = 179*y - 39224. Calculate g(219).
-23
Let h(r) = 12*r**2 + 436*r - 5090. Calculate h(12).
1870
Let v(p) = 19*p**2 + 120*p - 76. Give v(-5).
-201
Let z(j) = 4*j**2 - 64*j - 368. Give z(19).
-140
Let h(n) = -n**3 + 957*n**2 + 2893*n + 38. Calculate h(-3).
-1
Let a(p) = -2*p**3 - 147*p**2 - 195*p + 1475. Give a(-72).
-37
Let x(o) = 1837*o + 13136. Calculate x(-7).
277
Let c(p) = -700*p**2 - 42706*p - 351. Calculate c(-61).
15
Let v(f) = -f**3 - 32*f**2 - 7337*f - 163989. What is v(-23)?
1
Let z(u) = 24799*u - 74397. Give z(3).
0
Let k(r) = r**3 + 14*r**2 - 137*r - 1976. What is k(-15)?
-146
Let y(o) = -o**2 - 104*o - 35. What is y(0)?
-35
Let g(n) = n**3 + 101*n**2 - 1357*n - 80. Calculate g(-113).
33
Let m(t) = 29*t**3 + 18*t**2 + 561*t + 569. Determine m(-1).
-3
Let s(g) = 2*g**2 + 123*g - 46327. Calculate s(-186).
-13
Let a(s) = -546*s - 24364. What is a(-45)?
206
Let h(c) = 5671*c + 33973. Determine h(-6).
-53
Let s(n) = -11*n**2 + 2348*n + 4703. Give s(-2).
-37
Let x(k) = 7*k**3 + 11*k**2 + 10*k - 59. Give x(-5).
-709
Let k(m) = -64*m**2 + 3022*m - 611. Give k(47).
47
Let g(h) = 271*h - 2193. Calculate g(9).
246
Let o(f) = f**2 - 3464*f + 34704. Give o(10).
164
Let t(y) = -457*y**2 + 10*y. Calculate t(-2).
-1848
Let a(l) = -67*l**3 - 9180*l**2 - 141*l - 577. Calculate a(-137).
-29
Let d(u) = -21330*u + 64007. What is d(3)?
17
Let d(l) = -7*l**3 + 614*l**2 + 4137*l - 93. What is d(94)?
1
Let s(y) = -9*y**2 + 187*y + 2448. Determine s(30).
-42
Let k(b) = -b**2 - 114411*b + 3662158. Give k(32).
-18
Let h(i) = -9*i**3 - 235*i**2 - 119*i - 307. What is h(-26)?
2111
Let d(a) = -17046*a**2 + 51142*a - 18. Determine d(3).
-6
Let h(r) = 46*r**3 - 171*r**2 + 5*r + 46. Calculate h(4).
274
Let h(l) = -2724*l + 5517. Determine h(2).
69
Let b(l) = -6412*l + 14475. What is b(2)?
1651
Let p(a) = 2806*a + 16906. Calculate p(-6).
70
Let t(y) = -y**3 + 28*y**2 + 6207*y + 153. Determine t(-66).
-45
Let n(u) = -12*u**2 - 611*u - 611. Give n(-1).
-12
Let o(g) = 38*g**2 + 1504*g - 7670. Calculate o(5).
800
Let v(i) = -5*i**3 - 853*i**2 + 330*i - 2097. Calculate v(-171).
-45
Let d(t) = -2976*t + 17852. Determine d(6).
-4
Let w(p) = -2*p**3 + 78*p**2 + 118*p - 1813. Calculate w(40).
-293
Let o(h) = 2*h**3 - 1073*h**2 - 67648*h + 625. What is o(-57)?
-2
Let p(o) = -315*o - 14475. Give p(-46).
15
Let d(h) = 4437*h - 354970. Give d(80).
-10
Let l(p) = -93439*p - 1681889. Give l(-18).
13
Let o(f) = f**3 + 4*f**2 - 149*f - 922. Determine o(13).
14
Let u(b) = 86883*b + 521305. Calculate u(-6).
7
Let p(x) = -x**3 - 78*x**2 + 19215*x + 414. Determine p(-183).
414
Let h(i) = 350*i - 47394. Determine h(134).
-494
Let u(a) = -3563*a**2 + 17816*a + 3. Determine u(5).
8
Let i(q) = -11613*q - 185813. Determine i(-16).
-5
Let w(o) = -2*o**3 - 70*o**2 - 979*o - 31570. What is w(-34)?
-596
Let t(r) = r**3 - 157*r**2 - 477*r - 564. Give t(160).
-84
Let q(b) = 21*b**3 + 150*b**2 - b + 1. What is q(-7)?
155
Let c(a) = 74*a**2 - 356*a - 1079. What is c(-2)?
-71
Let h(i) = 2*i**2 - 115*i + 1842. Calculate h(27).
195
Let z(h) = -h**2 - 42618*h - 681630. Determine z(-16).
2
Let o(c) = 797*c + 10346. Calculate o(-12).
782
Let p(h) = -862*h**2 - 710*h - 1421. What is p(-2)?
-3449
Let i(q) = 75*q**2 + 895*q + 2656. Calculate i(-6).
-14
Let a(x) = 18*x**2 + 6370*x + 18263. What is a(-351)?
11
Let k(x) = 399*x - 8364. Determine k(20).
-384
Let h(w) = -15*w**2 + 2669*w + 2668. Determine h(-1).
-16
Let s(l) = -217*l**2 - 59*l + 25. What is s(-2)?
-725
Let n(y) = 567*y + 154226. Calculate n(-272).
2
Let h(f) = -30*f**2 + 438*f + 141. Calculate h(14).
393
Let i(k) = -27434*k + 4746042. Calculate i(173).
-40
Let n(s) = -7509*s**2 - 75090*s + 5. Give n(-10).
5
Let f(i) = 4572*i - 132712. Determine f(29).
-124
Let k(j) = 515*j + 24707. Calculate k(-48).
-13
Let j(d) = d**2 + 1219*d - 300139. What is j(210)?
-49
Let y(v) = 118*v - 4286. What is y(40)?
434
Let k(r) = 3*r**3 - 37*r**2 - 204*r - 7. Determine k(-5).
-287
Let v(x) = -3*x**3 + 186*x**2 - 7834*x - 54340. Give v(-6).
8
Let l(m) = -2*m**3 - 7*m**2 + 19*m - 114. Determine l(-6).
-48
Let r(x) = -3423*x + 85436. Calculate r(25).
-139
Let t(h) = h**3 + 104*h**2 + 163*h - 33. What is t(-102)?
4149
Let l(u) = 10560*u - 95035. What is l(9)?
5
Let p(x) = -284*x - 64861. Determine p(-226).
-677
Let b(q) = q**3 - 264*q**2 + 5499*q - 1527484. Calculate b(265).
-24
Let f(l) = 585987*l + 2343940. Determine f(-4).
-8
Let u(y) = -328*y**2 + 1271*y + 1827. Determine u(5).
-18
Let i(q) = -173*q + 13686. Give i(79).
19
Let k(a) = a**2 - 2142*a + 29865. Calculate k(14).
73
Let c(n) = -34*n**2 - 5*n - 37. Give c(0).
-37
Let i(p) = p**3 + 129*p**2 - 815*p - 541. Give i(-135).
134
Let u(d) = -d**2 + 50756*d + 913973. Give u(-18).
41
Let k(l) = l**3 - 196*l**2 + 388*l - 234. Determine k(194).
-234
Let n(j) = -9501*j + 446537. What is n(47)?
-10
Let g(i) = -127*i**3 - 1257*i**2 + 140*i + 101. Determine g(-10).
1
Let h(v) = 2*v**3 - 11*v**2 - 149*v + 361. What is h(13)?
959
Let b(m) = 6*m**2 - 253*m - 4555. Determine b(-20).
2905
Let l(g) = 816*g + 11661. Determine l(-14).
237
Let l(o) = -564503*o + 4516039. Give l(8).
15
Let c(p) = -11*p**2 + 2071*p + 35654. Give c(-16).
-298
Let c(j) = 6*j**3 - 2139*j**2 - 3162*j - 21487. Determine c(358).
-7
Let y(f) = -f**2 - 243*f - 6462. Give y(-33).
468
Let q(t) = -t**3 + 33*t**2 + 1788*t - 763. Give q(62).
-1383
Let p(d) = -d**2 - 172*d - 7232. Calculate p(-84).
160
Let w(r) = -86*r**2 + 7918*r - 531. What is w(92)?
21
Let z(l) = -5909*l - 94593. Calculate z(-16).
-49
Let f(l) = -1279*l - 791. What is f(0)?
-791
Let u